{"id":51,"date":"2020-10-05T18:39:18","date_gmt":"2020-10-05T18:39:18","guid":{"rendered":"https:\/\/sandbo-ejerlaug.dk\/?page_id=51"},"modified":"2023-01-11T16:37:32","modified_gmt":"2023-01-11T16:37:32","slug":"bestyrelsen","status":"publish","type":"page","link":"https:\/\/sandbo-ejerlaug.dk\/index.php\/bestyrelsen\/","title":{"rendered":"Bestyrelsen"},"content":{"rendered":"\n<h2 class=\"wp-block-heading\">S\u00f8ren Bald (formand)<\/h2>\n\n\n\n<p>Sandbogaards Alle 5, Tibirke Sand<br>3300 Frederiksv\u00e6rk<br>Mobil: 2140 1789<br>Privat: <a href=\"mailto:bald1940@gmail.com\">bald1940@gmail.com<\/a><\/p>\n\n\n\n<h2 class=\"wp-block-heading\"><strong>Morten Kall<\/strong><\/h2>\n\n\n\n<h2 class=\"wp-block-heading\"><strong>Dennis Arentoft Jensen<\/strong><\/h2>\n\n\n\n<h2 class=\"wp-block-heading\">Jacob Jul N\u00f8rup<\/h2>\n\n\n\n<h2 class=\"wp-block-heading\">Miriam Friis-Hasche<\/h2>\n\n\n\n<p><strong>Jane Halberg (suppleant)<\/strong><\/p>\n\n\n\n<p style=\"font-size:1px\"><\/p>\n","protected":false},"excerpt":{"rendered":"<p>S\u00f8ren Bald (formand) Sandbogaards Alle 5, Tibirke Sand3300 Frederiksv\u00e6rkMobil: 2140 1789Privat: bald1940@gmail.com Morten Kall Dennis Arentoft Jensen Jacob Jul N\u00f8rup Miriam Friis-Hasche Jane Halberg (suppleant)<\/p>\n","protected":false},"author":1,"featured_media":0,"parent":0,"menu_order":0,"comment_status":"closed","ping_status":"closed","template":"sidebar-page.php","meta":{"footnotes":""},"class_list":["post-51","page","type-page","status-publish","hentry"],"_links":{"self":[{"href":"https:\/\/sandbo-ejerlaug.dk\/index.php\/wp-json\/wp\/v2\/pages\/51","targetHints":{"allow":["GET"]}}],"collection":[{"href":"https:\/\/sandbo-ejerlaug.dk\/index.php\/wp-json\/wp\/v2\/pages"}],"about":[{"href":"https:\/\/sandbo-ejerlaug.dk\/index.php\/wp-json\/wp\/v2\/types\/page"}],"author":[{"embeddable":true,"href":"https:\/\/sandbo-ejerlaug.dk\/index.php\/wp-json\/wp\/v2\/users\/1"}],"replies":[{"embeddable":true,"href":"https:\/\/sandbo-ejerlaug.dk\/index.php\/wp-json\/wp\/v2\/comments?post=51"}],"version-history":[{"count":6,"href":"https:\/\/sandbo-ejerlaug.dk\/index.php\/wp-json\/wp\/v2\/pages\/51\/revisions"}],"predecessor-version":[{"id":334,"href":"https:\/\/sandbo-ejerlaug.dk\/index.php\/wp-json\/wp\/v2\/pages\/51\/revisions\/334"}],"wp:attachment":[{"href":"https:\/\/sandbo-ejerlaug.dk\/index.php\/wp-json\/wp\/v2\/media?parent=51"}],"curies":[{"name":"wp","href":"https:\/\/api.w.org\/{rel}","templated":true}]}}